 Let l be w(-6). Let a(p) = 10*p**2 + p**3 + 2 - 3*p**2 + 2. What is the units digit of a(l)?
4
Let o be 10/45 + (-16)/(-9). Let q(j) = j**2 - 6*j + 5. Let n be q(5). Suppose 2*x = 2*k - 3*k + 15, n = o*k + 6. What is the units digit of x?
9
Suppose 3*q - q - 16 = 5*f, -f + 5*q = 17. What is the units digit of 114/9 - f/6?
3
Let i(m) = -m + 1. Let t be i(-3). Suppose t*o + 11 = 2*o - 5*d, -2*o + 13 = -3*d. What is the units digit of o/(-4) + (-7)/(-2)?
3
Let u(d) = -2*d - 1 + d - 18*d**2 + 75*d**2 - d. What is the units digit of u(-1)?
8
Let v be (1/2)/(7/266). Suppose v = 2*u + 1. What is the units digit of u?
9
Let o = -55 - -77. Suppose -3*v = -5*v + o. What is the tens digit of v?
1
Suppose -48 = -2*n - 2*n. What is the units digit of 110/6 + n/18?
9
Let i be (-8)/(-28) + 382/(-14). Let o be (1 - 1 - i) + 0. Suppose 2*m + o = 5*m. What is the units digit of m?
9
Let z be 4/(-4) - (-4)/(-2). Let r be (-52)/z - 7/21. Suppose 0 = -2*k - 10, -4*x + 3*k = -18 - r. What is the units digit of x?
5
Suppose 229 - 79 = -4*v + w, -w = 4*v + 146. Let n = -24 - v. What is the units digit of n?
3
Let v(b) = b**3 + b + 9. Let t be v(0). Let a be (-13)/(-4) + t/12. Suppose x + n - 7 = 0, 2*x - a*n + 5 = 25. What is the units digit of x?
8
Suppose 1 = i - 4. Suppose j = -2*t - 12, 3*j - 24 = i*j - 5*t. What is the tens digit of (0 + 1)*(5 - j)?
1
Let m = -1 - -4. Suppose m*r + 11 = -16. What is the units digit of (1/(-3))/(3/r)?
1
Let o = 9 - -5. Let j be 82/(-7) - 4/o. What is the tens digit of 6/4*(-112)/j?
1
What is the tens digit of (84/(-6))/((-2)/4)?
2
Let d(m) = -m**3 - 3*m**2 - 10*m - 5. Let b be d(-4). Let r = 98 - b. What is the tens digit of r?
4
Let d = 18 - 12. Let w = -5 - -6. Let r = d - w. What is the units digit of r?
5
Let b(x) = -x**2 + 4*x + 3. Let f be b(4). Suppose 1 = -4*s + 9. Suppose f*v - s = 13. What is the units digit of v?
5
Let r(z) = z**3 - 4*z**2 - 2*z + 4. Let f be r(4). Let k be (f/(-5) - -2)*5. Let j = -8 + k. What is the units digit of j?
6
Let k(u) = u**3 + u**2 + u - 8. Let c(v) = -4*v**3 - 5*v**2 - 5*v + 33. Let a(y) = -2*c(y) - 9*k(y). Let o be a(0). What is the units digit of (-2)/o - 16/(-3)?
5
Let n be 3/(-2) + 30/4. Suppose -2*x = -n*x. Suppose 0 = 5*z + 3*q - x*q - 85, -z + 3*q = -17. What is the tens digit of z?
1
Suppose -4*o - 126 = 98. Let q = -39 - o. What is the units digit of q?
7
Let z(h) = 2*h**2 + 6*h - 6. Let s be z(-7). Let c = s + -23. What is the tens digit of c?
2
Suppose -156 = 8*q - 11*q. What is the units digit of q?
2
Let p(n) = 2*n + 24. Suppose 0 = -z - 2*z. What is the units digit of p(z)?
4
Let d(i) = i**3 - 8*i**2. Let l be d(8). Suppose 3*h + o = 44, l*h - 3*o + 80 = 5*h. What is the tens digit of h?
1
Let x(b) = -b**3 - b**2 + b - 2. Suppose 3*j = 4*j + 3. What is the units digit of x(j)?
3
Suppose 2*j - 24 = -5*u, 3*j + j - 3*u = 100. What is the tens digit of j?
2
Suppose 5*l - 336 - 559 = 0. What is the units digit of l?
9
Suppose -s - 21 = -5*q, 2*q + 3 - 29 = -4*s. What is the units digit of q?
5
Suppose 0 = -3*a + 3*m + 165, a - 5*a + 224 = -3*m. What is the tens digit of a?
5
Let w(q) = -q**2 + 6*q. Let n be w(6). Suppose 2*g = 8 + 4. Suppose g*s - 3*s - 15 = 3*h, -4*s + 3*h + 25 = n. What is the units digit of s?
0
Let n(t) be the second derivative of 0 - 7/2*t**2 - 1/6*t**3 - 2*t. What is the units digit of n(-8)?
1
Let t = 34 - 48. Let s = t - -48. What is the tens digit of s?
3
Let t(u) = 3*u**2 - 5*u - 2. Let j be t(-3). Let s = -29 + j. What is the units digit of s?
1
Suppose 5*p = 4*p - 9. Let g be 30/p*-3 - 2. Let z = 11 - g. What is the units digit of z?
3
Let s(w) be the first derivative of -3*w**2/2 - 4*w - 1. Let r be s(-8). What is the units digit of (r/12)/(1/3)?
5
Let g = 14 + -6. Suppose 5*t - 12 = g. What is the units digit of ((-6)/(-9))/(t/18)?
3
Suppose -4*z + 2*l + 62 = 4*l, 5*l = z - 21. What is the units digit of z?
6
Suppose -i + 7*i - 1542 = 0. What is the tens digit of i?
5
Suppose -185 = -5*j + s, -3*s - 133 = -3*j + 2*s. Suppose -f = -j - 14. What is the units digit of f?
0
Suppose -9 = -2*h - 3. Suppose 0 = 5*k, -15 = -6*a + h*a - 4*k. Let f(o) = 2*o - 1. What is the units digit of f(a)?
9
Let l be (-2)/3 - (-34)/6. Suppose l = 3*t + i, -3*t + i + 3 = 2*t. What is the tens digit of (-1)/(t/(-12)) - 1?
1
Let p = 0 + 4. Suppose g + 33 = p*g. What is the units digit of g?
1
Let i(k) = -5*k**2 + 5*k**2 + 2*k**2 - 8*k - 1 - 3*k**2. What is the units digit of i(-6)?
1
Let r(h) = -h**2 + 6*h - 5. Let j be r(4). Suppose l + 5 = -2*y - 6, j = -3*y. What is the units digit of (-2 + (-21)/l)*3?
1
Suppose 0 = -5*z + 2*z + 198. Suppose 5*p + z = 2*p. Let u = p + 43. What is the units digit of u?
1
Suppose 68 = 5*o + 3*x - 177, -3*x - 98 = -2*o. What is the tens digit of o?
4
Let d(v) = v**2 + 5. Let k(l) = 3*l - 6. Let m be k(-5). Let g be 6/m + 2/7. What is the units digit of d(g)?
5
Let b(t) be the first derivative of 0*t**2 + 4 - 1/3*t**3 + 18*t. What is the units digit of b(0)?
8
Let q(v) = -v**3 - 8*v**2 + v + 10. Let m be q(-8). Suppose -p + 69 = m*p. Suppose -3*u + 4 = -p. What is the units digit of u?
9
What is the units digit of ((-2)/(-2))/((-2)/(-142))?
1
Let c be 0/(-5 + 2) + 2. Let q(i) = -4*i + i**c + i - 2*i + 3. What is the units digit of q(5)?
3
What is the hundreds digit of 6/10 - (-3642)/30?
1
Suppose 0 = 3*x + 15, -2*r - 4*x = -3*r + 29. What is the tens digit of 6/r*33 + 1?
2
Suppose -n - 4 = 4*p + 4, -6 = 3*n + 3*p. Let v = 36 + -26. Let m = v - n. What is the tens digit of m?
1
Let p = -19 - -21. Let r(y) = -8*y**3 - y**2 + y + 1. Let a be r(-1). Suppose -a*n = -p*n - 35. What is the units digit of n?
7
Suppose 3*s = 4*o - 5*o - 15, -3*s = 5*o + 75. Let v = o + 23. Let h(l) = l**2 - 7*l + 1. What is the units digit of h(v)?
9
Let v = 42 - 21. What is the units digit of 2/(-7) + 132/v?
6
Let u(z) = z**3 + 7*z**2 - 2*z + 1. What is the units digit of u(-4)?
7
Let t = 26 + 68. Suppose 4*c - t = 50. Let k = -17 + c. What is the tens digit of k?
1
Suppose -4 = -4*u + 8. Suppose -u*t + 0*t + 88 = 5*p, -p + 92 = 3*t. What is the tens digit of t?
3
Let m(g) = g**3 - 5*g**2 - 6*g + 3. Let r be m(6). Suppose d - r*a = 22, 46 = 5*d + 3*a - 2*a. What is the units digit of d?
0
Let q(z) = z**3 - z**2 + z + 2. Suppose -2*s - 2*s + 12 = 0. What is the units digit of q(s)?
3
Let c be 3/3 + 19/(-1). What is the tens digit of (-512)/(-36) + 4/c?
1
Let m(t) = 5 - 10 + 3 - 2*t - 19. What is the tens digit of m(-16)?
1
Let x be 2*(6/4)/1. Suppose -x*y + 12 = -6*y. Let a = 4 - y. What is the units digit of a?
8
Let m = -74 - -105. What is the units digit of m?
1
Suppose 4 = -2*g + 10. Let n be (-2 + g)*(-1 - -5). Suppose 2*y - t - 15 = 0, -y + 45 = n*y - 5*t. What is the units digit of y?
6
Let d = -107 + 312. What is the tens digit of d?
0
Let g = -16 - -18. What is the units digit of (80/32)/(g/24)?
0
Let n be 60/35 + (-2)/(-7). Let l(i) = 7*i**2 - 3*i. What is the units digit of l(n)?
2
Let y(t) = -3*t + 0 + 2 - 6*t**3 - 3*t**2 + 5*t**3 + 0*t. What is the tens digit of y(-3)?
1
Suppose 3*n + 2 = -2*x + x, 0 = -4*n - 3*x - 11. Suppose -n = i - 3*a + 1, 5*i - 2*a = 42. Suppose -2*k = -4*k + i. What is the units digit of k?
5
Suppose 112 = 4*w + 3*n, 22 = -2*w - 4*n + 78. What is the tens digit of w?
2
Let d(j) = -16*j + 2. Let c(s) = 8*s - 1. Let g(o) = 13*c(o) + 6*d(o). What is the tens digit of g(4)?
3
What is the units digit of ((-60)/18)/(3/(-72)*1)?
0
Let i = -18 + 166. What is the units digit of i?
8
Suppose -3*n - 22 = v - n, -3*v = 4*n + 66. Let k = -11 - v. What is the units digit of k?
1
Let m(t) = t**3 - 7*t**2 - 7*t - 6. Suppose f + 4 = -0*f, -y = f - 4. What is the units digit of m(y)?
2
Suppose 17 = 4*d - 31. Suppose 0 = 2*m - 5*m + d. Suppose 5*z - 3*h + 2*h - 8 = 0, -m*h + 8 = 0. What is the units digit of z?
2
Let n = -30 + 58. What is the tens digit of n?
2
Suppose y = -2*y - 15, -2*w + y = 87. Let n = w + 66. What is the units digit of n?
0
Suppose -y - a + 7 = -15, 86 = 3*y - a. Suppose y = j + l - 2*l, -l = -3*j + 71. Let w = j - 10. What is the tens digit of w?
1
Let s = 440 + -277. What is the units digit of s?
3
What is the units digit of (-2)/5 + 2880/75?
8
Let f = -19 + 55. Suppose -3*s + 3*o + 47 = -13, -f = -3*s - 3*o. What is th